{"id":42,"date":"2024-10-22T16:10:46","date_gmt":"2024-10-22T16:10:46","guid":{"rendered":"https:\/\/cozumelkush.com\/?page_id=42"},"modified":"2024-10-22T16:10:46","modified_gmt":"2024-10-22T16:10:46","slug":"metatags3","status":"publish","type":"page","link":"https:\/\/cozumelkush.com\/index.php\/metatags3\/","title":{"rendered":"metatags3"},"content":{"rendered":"<p>Cozumel, cosas que hacer en Cozumel, mejores restaurantes Cozumel, actividades para mujeres Cozumel, compras en Cozumel, spas en Cozumel, playas de Cozumel, tours de snorkeling Cozumel, excursiones en Cozumel, vacaciones en Cozumel, alojamiento en Cozumel, hoteles para mujeres Cozumel, resorts en Cozumel, vida nocturna en Cozumel, seguridad en Cozumel, consejos de viaje Cozumel, viajes en solitario Cozumel, cultura en Cozumel, arte en Cozumel, yoga en Cozumel, bienestar en Cozumel, actividades de aventura Cozumel, eventos en Cozumel, festivales en Cozumel, grupos de mujeres en Cozumel, experiencias \u00fanicas Cozumel, comida en Cozumel, gastronom\u00eda local Cozumel, recetas de Cozumel, clases de cocina en Cozumel, experiencias culinarias Cozumel, lugares rom\u00e1nticos en Cozumel, actividades familiares en Cozumel, deportes acu\u00e1ticos en Cozumel, buceo en Cozumel, deportes en la playa Cozumel, actividades al aire libre Cozumel, visitas guiadas Cozumel, transporte en Cozumel, taxis en Cozumel, alquiler de coches Cozumel, itinerarios de viaje Cozumel, consejos de seguridad para mujeres Cozumel, moda en Cozumel, tiendas en Cozumel, souvenirs de Cozumel, mercados locales Cozumel, artesan\u00edas en Cozumel, estilos de vida en Cozumel, grupos de apoyo en Cozumel, redes sociales en Cozumel, turismo responsable Cozumel, ecoturismo en Cozumel, conservaci\u00f3n en Cozumel, playas secretas Cozumel, destinos ocultos en Cozumel, fotograf\u00eda en Cozumel, spots de Instagram Cozumel, bienestar mental en Cozumel, retiros en Cozumel, experiencias espirituales Cozumel, turismo de aventura Cozumel, compras de lujo en Cozumel, ropa de playa Cozumel, accesorios de viaje Cozumel, seguridad personal Cozumel, servicios de salud en Cozumel, cl\u00ednicas en Cozumel, farmacias en Cozumel, grupos de mujeres emprendedoras Cozumel, talleres creativos en Cozumel, cursos en Cozumel, actividades educativas en Cozumel, empoderamiento femenino en Cozumel, mujeres en negocios Cozumel, gastronom\u00eda saludable Cozumel, comida org\u00e1nica en Cozumel, alimentaci\u00f3n consciente Cozumel, wellness retreats en Cozumel, vida saludable en Cozumel, talleres de bienestar en Cozumel, yoga y meditaci\u00f3n Cozumel, fitness en Cozumel, caminatas en la naturaleza Cozumel, senderismo en Cozumel, rutas en bicicleta Cozumel, experiencias culturales en Cozumel, talleres de arte Cozumel, clases de baile en Cozumel, vida nocturna segura Cozumel, consejos para viajar sola Cozumel, comunidades en l\u00ednea Cozumel, blogs de viajes Cozumel, recomendaciones de viaje Cozumel, viajes de chicas Cozumel, escapadas de fin de semana Cozumel, destinos de luna de miel Cozumel, escapadas rom\u00e1nticas Cozumel, aventuras en grupo Cozumel, turismo sostenible Cozumel, actividades grupales en Cozumel, rutas gastron\u00f3micas Cozumel, recomendaciones de restaurantes Cozumel, cenas rom\u00e1nticas en Cozumel, eventos sociales en Cozumel, actividades culturales en Cozumel, museos en Cozumel, historia de Cozumel, patrimonio cultural en Cozumel, tradiciones locales en Cozumel, consejos para disfrutar Cozumel, informaci\u00f3n tur\u00edstica Cozumel, publicaciones de viaje Cozumel, experiencias de viaje en Cozumel, blogs de estilo de vida Cozumel, rese\u00f1as de hoteles Cozumel, opiniones de restaurantes Cozumel.<\/p>\n","protected":false},"excerpt":{"rendered":"<p>Cozumel, cosas que hacer en Cozumel, mejores restaurantes Cozumel, actividades para mujeres Cozumel, compras en Cozumel, spas en Cozumel, playas de Cozumel, tours de snorkeling Cozumel, excursiones en Cozumel, vacaciones en Cozumel, alojamiento en Cozumel, hoteles para mujeres Cozumel, resorts en Cozumel, vida nocturna en Cozumel, seguridad en Cozumel, consejos de viaje Cozumel, viajes en [&hellip;]<\/p>\n","protected":false},"author":1,"featured_media":0,"parent":0,"menu_order":0,"comment_status":"closed","ping_status":"closed","template":"","meta":{"footnotes":""},"class_list":["post-42","page","type-page","status-publish","hentry"],"yoast_head":"<!-- This site is optimized with the Yoast SEO plugin v25.2 - https:\/\/yoast.com\/wordpress\/plugins\/seo\/ -->\n<title>metatags3 - Buy Weed Marijuana in Cozumel - Comprar Mota Marihuana Cozumel - 420 Cozumel - Edibles, Brownies, Galletas - 420 Entrega en Casa y Envios Nacionales \u2013 Whatsapp: 00528135669557 \u2013 Eva Whatsapp Secundario : 00528132769756 Mike \u2013<\/title>\n<meta name=\"robots\" content=\"index, follow, max-snippet:-1, max-image-preview:large, max-video-preview:-1\" \/>\n<link rel=\"canonical\" href=\"https:\/\/cozumelkush.com\/index.php\/metatags3\/\" \/>\n<meta property=\"og:locale\" content=\"es_MX\" \/>\n<meta property=\"og:type\" content=\"article\" \/>\n<meta property=\"og:title\" content=\"metatags3 - Buy Weed Marijuana in Cozumel - Comprar Mota Marihuana Cozumel - 420 Cozumel - Edibles, Brownies, Galletas - 420 Entrega en Casa y Envios Nacionales \u2013 Whatsapp: 00528135669557 \u2013 Eva Whatsapp Secundario : 00528132769756 Mike \u2013\" \/>\n<meta property=\"og:description\" content=\"Cozumel, cosas que hacer en Cozumel, mejores restaurantes Cozumel, actividades para mujeres Cozumel, compras en Cozumel, spas en Cozumel, playas de Cozumel, tours de snorkeling Cozumel, excursiones en Cozumel, vacaciones en Cozumel, alojamiento en Cozumel, hoteles para mujeres Cozumel, resorts en Cozumel, vida nocturna en Cozumel, seguridad en Cozumel, consejos de viaje Cozumel, viajes en [&hellip;]\" \/>\n<meta property=\"og:url\" content=\"https:\/\/cozumelkush.com\/index.php\/metatags3\/\" \/>\n<meta property=\"og:site_name\" content=\"Buy Weed Marijuana in Cozumel - Comprar Mota Marihuana Cozumel - 420 Cozumel - Edibles, Brownies, Galletas - 420 Entrega en Casa y Envios Nacionales \u2013 Whatsapp: 00528135669557 \u2013 Eva Whatsapp Secundario : 00528132769756 Mike \u2013\" \/>\n<meta name=\"twitter:card\" content=\"summary_large_image\" \/>\n<script type=\"application\/ld+json\" class=\"yoast-schema-graph\">{\"@context\":\"https:\/\/schema.org\",\"@graph\":[{\"@type\":\"WebPage\",\"@id\":\"https:\/\/cozumelkush.com\/index.php\/metatags3\/\",\"url\":\"https:\/\/cozumelkush.com\/index.php\/metatags3\/\",\"name\":\"metatags3 - Buy Weed Marijuana in Cozumel - Comprar Mota Marihuana Cozumel - 420 Cozumel - Edibles, Brownies, Galletas - 420 Entrega en Casa y Envios Nacionales \u2013 Whatsapp: 00528135669557 \u2013 Eva Whatsapp Secundario : 00528132769756 Mike \u2013\",\"isPartOf\":{\"@id\":\"https:\/\/cozumelkush.com\/#website\"},\"datePublished\":\"2024-10-22T16:10:46+00:00\",\"breadcrumb\":{\"@id\":\"https:\/\/cozumelkush.com\/index.php\/metatags3\/#breadcrumb\"},\"inLanguage\":\"es\",\"potentialAction\":[{\"@type\":\"ReadAction\",\"target\":[\"https:\/\/cozumelkush.com\/index.php\/metatags3\/\"]}]},{\"@type\":\"BreadcrumbList\",\"@id\":\"https:\/\/cozumelkush.com\/index.php\/metatags3\/#breadcrumb\",\"itemListElement\":[{\"@type\":\"ListItem\",\"position\":1,\"name\":\"Inicio\",\"item\":\"https:\/\/cozumelkush.com\/\"},{\"@type\":\"ListItem\",\"position\":2,\"name\":\"metatags3\"}]},{\"@type\":\"WebSite\",\"@id\":\"https:\/\/cozumelkush.com\/#website\",\"url\":\"https:\/\/cozumelkush.com\/\",\"name\":\"Buy Weed Marijuana in Cozumel\",\"description\":\"cannabis Cozumel, comprar cannabis Cozumel, weed Cozumel, marihuana Cozumel, CBD Cozumel, cannabis delivery Cozumel, dispensary Cozumel, cannabis shop Cozumel, marijuana Cozumel, edibles Cozumel, cannabis products Cozumel, best cannabis Cozumel, donde comprar cannabis Cozumel, comprar marihuana Cozumel, cannabis online Cozumel, THC Cozumel, flowers Cozumel, cannabis oils Cozumel, hemp products Cozumel, cannabis dispensaries Cozumel, legal cannabis Cozumel, marijuana delivery Cozumel, buy weed Cozumel, CBD oil Cozumel, cannabis tinctures Cozumel, recreational cannabis Cozumel, medicinal cannabis Cozumel, cannabis strains Cozumel, marijuana edibles Cozumel, cannabis for anxiety Cozumel, CBD gummies Cozumel, best strains Cozumel, marijuana shop Cozumel, cannabis accessories Cozumel, buy CBD Cozumel, cannabis deals Cozumel, smoking cannabis Cozumel, cannabis lifestyle Cozumel, Cozumel cannabis events, cannabis tourism Cozumel, cannabis community Cozumel, donde comprar marihuana Cozumel, cannabis brands Cozumel, cannabis research Cozumel, cannabis laws Cozumel, CBD benefits Cozumel, cannabis culture Cozumel, marijuana business Cozumel, cannabis enthusiasts Cozumel, weed community Cozumel, CBD products Cozumel, cannabis safety Cozumel, cannabis recommendations Cozumel, buy marijuana online Cozumel, cannabis experience Cozumel, cannabis education Cozumel, marijuana for pain Cozumel, cannabis delivery service Cozumel, Cozumel weed stores, cannabis prices Cozumel, marijuana reviews Cozumel, cannabis information Cozumel, cannabis strains guide Cozumel, CBD for wellness Cozumel, Cozumel cannabis market, cannabis events Cozumel, cannabis consumption Cozumel, buy cannabis legally Cozumel, cannabis use Cozumel, marijuana usage Cozumel, Cozumel weed products, cannabis growers Cozumel, marijuana research Cozumel, cannabis industry Cozumel, cannabis trends Cozumel, CBD vs THC Cozumel, marijuana for relaxation Cozumel, cannabis benefits Cozumel, cannabis community events Cozumel, cannabis partnerships Cozumel, cannabis regulation Cozumel, cannabis and health Cozumel, cannabis consultations Cozumel, cannabis for sleep Cozumel, cannabis legal status Cozumel, best cannabis shops Cozumel, cannabis and mental health Cozumel, marijuana for stress Cozumel, cannabis uses Cozumel, CBD therapy Cozumel, cannabis wellness Cozumel, marijuana effects Cozumel, cannabis sourcing Cozumel, cannabis recommendations, cannabis purchases Cozumel, cannabis legal advice Cozumel, cannabis for chronic pain Cozumel, marijuana legislation Cozumel, cannabis varieties Cozumel, cannabis and exercise Cozumel, cannabis delivery options Cozumel, cannabis and cooking Cozumel, CBD drinks Cozumel, cannabis health benefits Cozumel, cannabis social clubs Cozumel, CBD capsules Cozumel, cannabis information resources Cozumel, cannabis partnerships Cozumel, cannabis and lifestyle Cozumel, cannabis for arthritis Cozumel, CBD oil benefits Cozumel, cannabis sourcing strategies Cozumel, marijuana and creativity Cozumel, cannabis for pets Cozumel, marijuana products Cozumel, cannabis consumption methods Cozumel, cannabis effects on mood Cozumel, cannabis and anxiety relief Cozumel, CBD skin care Cozumel, cannabis for inflammation Cozumel, marijuana and nutrition Cozumel, cannabis and sleep disorders Cozumel, cannabis education programs Cozumel, cannabis and spirituality Cozumel.\",\"publisher\":{\"@id\":\"https:\/\/cozumelkush.com\/#organization\"},\"potentialAction\":[{\"@type\":\"SearchAction\",\"target\":{\"@type\":\"EntryPoint\",\"urlTemplate\":\"https:\/\/cozumelkush.com\/?s={search_term_string}\"},\"query-input\":{\"@type\":\"PropertyValueSpecification\",\"valueRequired\":true,\"valueName\":\"search_term_string\"}}],\"inLanguage\":\"es\"},{\"@type\":\"Organization\",\"@id\":\"https:\/\/cozumelkush.com\/#organization\",\"name\":\"Buy Weed Marijuana in Cozumel\",\"url\":\"https:\/\/cozumelkush.com\/\",\"logo\":{\"@type\":\"ImageObject\",\"inLanguage\":\"es\",\"@id\":\"https:\/\/cozumelkush.com\/#\/schema\/logo\/image\/\",\"url\":\"https:\/\/cozumelkush.com\/wp-content\/uploads\/2024\/10\/cropped-coz3.jpg\",\"contentUrl\":\"https:\/\/cozumelkush.com\/wp-content\/uploads\/2024\/10\/cropped-coz3.jpg\",\"width\":512,\"height\":512,\"caption\":\"Buy Weed Marijuana in Cozumel\"},\"image\":{\"@id\":\"https:\/\/cozumelkush.com\/#\/schema\/logo\/image\/\"}}]}<\/script>\n<!-- \/ Yoast SEO plugin. -->","yoast_head_json":{"title":"metatags3 - Buy Weed Marijuana in Cozumel - Comprar Mota Marihuana Cozumel - 420 Cozumel - Edibles, Brownies, Galletas - 420 Entrega en Casa y Envios Nacionales \u2013 Whatsapp: 00528135669557 \u2013 Eva Whatsapp Secundario : 00528132769756 Mike \u2013","robots":{"index":"index","follow":"follow","max-snippet":"max-snippet:-1","max-image-preview":"max-image-preview:large","max-video-preview":"max-video-preview:-1"},"canonical":"https:\/\/cozumelkush.com\/index.php\/metatags3\/","og_locale":"es_MX","og_type":"article","og_title":"metatags3 - Buy Weed Marijuana in Cozumel - Comprar Mota Marihuana Cozumel - 420 Cozumel - Edibles, Brownies, Galletas - 420 Entrega en Casa y Envios Nacionales \u2013 Whatsapp: 00528135669557 \u2013 Eva Whatsapp Secundario : 00528132769756 Mike \u2013","og_description":"Cozumel, cosas que hacer en Cozumel, mejores restaurantes Cozumel, actividades para mujeres Cozumel, compras en Cozumel, spas en Cozumel, playas de Cozumel, tours de snorkeling Cozumel, excursiones en Cozumel, vacaciones en Cozumel, alojamiento en Cozumel, hoteles para mujeres Cozumel, resorts en Cozumel, vida nocturna en Cozumel, seguridad en Cozumel, consejos de viaje Cozumel, viajes en [&hellip;]","og_url":"https:\/\/cozumelkush.com\/index.php\/metatags3\/","og_site_name":"Buy Weed Marijuana in Cozumel - Comprar Mota Marihuana Cozumel - 420 Cozumel - Edibles, Brownies, Galletas - 420 Entrega en Casa y Envios Nacionales \u2013 Whatsapp: 00528135669557 \u2013 Eva Whatsapp Secundario : 00528132769756 Mike \u2013","twitter_card":"summary_large_image","schema":{"@context":"https:\/\/schema.org","@graph":[{"@type":"WebPage","@id":"https:\/\/cozumelkush.com\/index.php\/metatags3\/","url":"https:\/\/cozumelkush.com\/index.php\/metatags3\/","name":"metatags3 - Buy Weed Marijuana in Cozumel - Comprar Mota Marihuana Cozumel - 420 Cozumel - Edibles, Brownies, Galletas - 420 Entrega en Casa y Envios Nacionales \u2013 Whatsapp: 00528135669557 \u2013 Eva Whatsapp Secundario : 00528132769756 Mike \u2013","isPartOf":{"@id":"https:\/\/cozumelkush.com\/#website"},"datePublished":"2024-10-22T16:10:46+00:00","breadcrumb":{"@id":"https:\/\/cozumelkush.com\/index.php\/metatags3\/#breadcrumb"},"inLanguage":"es","potentialAction":[{"@type":"ReadAction","target":["https:\/\/cozumelkush.com\/index.php\/metatags3\/"]}]},{"@type":"BreadcrumbList","@id":"https:\/\/cozumelkush.com\/index.php\/metatags3\/#breadcrumb","itemListElement":[{"@type":"ListItem","position":1,"name":"Inicio","item":"https:\/\/cozumelkush.com\/"},{"@type":"ListItem","position":2,"name":"metatags3"}]},{"@type":"WebSite","@id":"https:\/\/cozumelkush.com\/#website","url":"https:\/\/cozumelkush.com\/","name":"Buy Weed Marijuana in Cozumel","description":"cannabis Cozumel, comprar cannabis Cozumel, weed Cozumel, marihuana Cozumel, CBD Cozumel, cannabis delivery Cozumel, dispensary Cozumel, cannabis shop Cozumel, marijuana Cozumel, edibles Cozumel, cannabis products Cozumel, best cannabis Cozumel, donde comprar cannabis Cozumel, comprar marihuana Cozumel, cannabis online Cozumel, THC Cozumel, flowers Cozumel, cannabis oils Cozumel, hemp products Cozumel, cannabis dispensaries Cozumel, legal cannabis Cozumel, marijuana delivery Cozumel, buy weed Cozumel, CBD oil Cozumel, cannabis tinctures Cozumel, recreational cannabis Cozumel, medicinal cannabis Cozumel, cannabis strains Cozumel, marijuana edibles Cozumel, cannabis for anxiety Cozumel, CBD gummies Cozumel, best strains Cozumel, marijuana shop Cozumel, cannabis accessories Cozumel, buy CBD Cozumel, cannabis deals Cozumel, smoking cannabis Cozumel, cannabis lifestyle Cozumel, Cozumel cannabis events, cannabis tourism Cozumel, cannabis community Cozumel, donde comprar marihuana Cozumel, cannabis brands Cozumel, cannabis research Cozumel, cannabis laws Cozumel, CBD benefits Cozumel, cannabis culture Cozumel, marijuana business Cozumel, cannabis enthusiasts Cozumel, weed community Cozumel, CBD products Cozumel, cannabis safety Cozumel, cannabis recommendations Cozumel, buy marijuana online Cozumel, cannabis experience Cozumel, cannabis education Cozumel, marijuana for pain Cozumel, cannabis delivery service Cozumel, Cozumel weed stores, cannabis prices Cozumel, marijuana reviews Cozumel, cannabis information Cozumel, cannabis strains guide Cozumel, CBD for wellness Cozumel, Cozumel cannabis market, cannabis events Cozumel, cannabis consumption Cozumel, buy cannabis legally Cozumel, cannabis use Cozumel, marijuana usage Cozumel, Cozumel weed products, cannabis growers Cozumel, marijuana research Cozumel, cannabis industry Cozumel, cannabis trends Cozumel, CBD vs THC Cozumel, marijuana for relaxation Cozumel, cannabis benefits Cozumel, cannabis community events Cozumel, cannabis partnerships Cozumel, cannabis regulation Cozumel, cannabis and health Cozumel, cannabis consultations Cozumel, cannabis for sleep Cozumel, cannabis legal status Cozumel, best cannabis shops Cozumel, cannabis and mental health Cozumel, marijuana for stress Cozumel, cannabis uses Cozumel, CBD therapy Cozumel, cannabis wellness Cozumel, marijuana effects Cozumel, cannabis sourcing Cozumel, cannabis recommendations, cannabis purchases Cozumel, cannabis legal advice Cozumel, cannabis for chronic pain Cozumel, marijuana legislation Cozumel, cannabis varieties Cozumel, cannabis and exercise Cozumel, cannabis delivery options Cozumel, cannabis and cooking Cozumel, CBD drinks Cozumel, cannabis health benefits Cozumel, cannabis social clubs Cozumel, CBD capsules Cozumel, cannabis information resources Cozumel, cannabis partnerships Cozumel, cannabis and lifestyle Cozumel, cannabis for arthritis Cozumel, CBD oil benefits Cozumel, cannabis sourcing strategies Cozumel, marijuana and creativity Cozumel, cannabis for pets Cozumel, marijuana products Cozumel, cannabis consumption methods Cozumel, cannabis effects on mood Cozumel, cannabis and anxiety relief Cozumel, CBD skin care Cozumel, cannabis for inflammation Cozumel, marijuana and nutrition Cozumel, cannabis and sleep disorders Cozumel, cannabis education programs Cozumel, cannabis and spirituality Cozumel.","publisher":{"@id":"https:\/\/cozumelkush.com\/#organization"},"potentialAction":[{"@type":"SearchAction","target":{"@type":"EntryPoint","urlTemplate":"https:\/\/cozumelkush.com\/?s={search_term_string}"},"query-input":{"@type":"PropertyValueSpecification","valueRequired":true,"valueName":"search_term_string"}}],"inLanguage":"es"},{"@type":"Organization","@id":"https:\/\/cozumelkush.com\/#organization","name":"Buy Weed Marijuana in Cozumel","url":"https:\/\/cozumelkush.com\/","logo":{"@type":"ImageObject","inLanguage":"es","@id":"https:\/\/cozumelkush.com\/#\/schema\/logo\/image\/","url":"https:\/\/cozumelkush.com\/wp-content\/uploads\/2024\/10\/cropped-coz3.jpg","contentUrl":"https:\/\/cozumelkush.com\/wp-content\/uploads\/2024\/10\/cropped-coz3.jpg","width":512,"height":512,"caption":"Buy Weed Marijuana in Cozumel"},"image":{"@id":"https:\/\/cozumelkush.com\/#\/schema\/logo\/image\/"}}]}},"_links":{"self":[{"href":"https:\/\/cozumelkush.com\/index.php\/wp-json\/wp\/v2\/pages\/42","targetHints":{"allow":["GET"]}}],"collection":[{"href":"https:\/\/cozumelkush.com\/index.php\/wp-json\/wp\/v2\/pages"}],"about":[{"href":"https:\/\/cozumelkush.com\/index.php\/wp-json\/wp\/v2\/types\/page"}],"author":[{"embeddable":true,"href":"https:\/\/cozumelkush.com\/index.php\/wp-json\/wp\/v2\/users\/1"}],"replies":[{"embeddable":true,"href":"https:\/\/cozumelkush.com\/index.php\/wp-json\/wp\/v2\/comments?post=42"}],"version-history":[{"count":1,"href":"https:\/\/cozumelkush.com\/index.php\/wp-json\/wp\/v2\/pages\/42\/revisions"}],"predecessor-version":[{"id":43,"href":"https:\/\/cozumelkush.com\/index.php\/wp-json\/wp\/v2\/pages\/42\/revisions\/43"}],"wp:attachment":[{"href":"https:\/\/cozumelkush.com\/index.php\/wp-json\/wp\/v2\/media?parent=42"}],"curies":[{"name":"wp","href":"https:\/\/api.w.org\/{rel}","templated":true}]}}